 (-2 - 4 - -8))?
-3
What is the value of 10 - 6 - (10 - 15)?
9
Calculate (-6 - (3 - 3)) + 10.
4
-1 - (-7 - (-2 + -4))
0
Calculate 10 - (-1 - -3 - -3).
5
Calculate -8 + 10 + 5 - 18.
-11
What is the value of (11 - 8) + (-5 - 0)?
-2
What is -2 + (-4 - (-6 - -3))?
-3
What is -2 - (1 - ((9 - 3) + 0))?
3
Calculate 5 + -6 - 3 - -5.
1
Evaluate -27 + 24 + 6 + -1.
2
What is -8 - (-3 - (2 + -3))?
-6
Evaluate -6 + (8 - 7) + 5.
0
Evaluate 14 - 9 - (0 + 2).
3
What is the value of -5 + (4 - ((2 - 0) + -4))?
1
-3 + -1 + (-8 - -14)
2
Calculate 2 + -3 + -1 - -7.
5
Calculate -1 + -7 - (4 + 10 - 15).
-7
Calculate -1 - (-1 + -4) - 4.
0
What is the value of 3 + -3 + -1 + 4?
3
1 - (-4 + 3 + -3 + 11)
-6
Calculate -12 + (12 - 0) + -5 + 2.
-3
Calculate -8 + 9 - (1 + 2).
-2
What is the value of -6 - (-13 + 2 + 3) - 1?
1
Calculate -8 - -12 - 4 - -6.
6
What is 2 + -1 + -6 - (-1 + -8)?
4
What is -2 - (-2 + -3 - -6)?
-3
-8 - (-10 - (-10 + -4 + 9))
-3
Evaluate -6 + 2 + -3 - -14.
7
What is the value of (-4 - (-3 + 2)) + 4 + 2?
3
-17 + 19 + 2 + 0
4
Calculate 1 + -5 + -14 + 19 + 6.
7
What is 1 - (5 + -6 + 1 + -2)?
3
What is 3 - (-7 - -15) - (-3 - 1)?
-1
4 + (0 - 10) + (-2 - -3)
-5
(1 - 1) + 4 - 2
2
Calculate 6 - 13 - -13 - (9 + -1).
-2
Calculate -4 - (2 - 4) - (0 - -1).
-3
What is the value of (-17 - -12 - 2) + (-1 - -14)?
6
What is -1 - -9 - (0 - 0 - -3)?
5
36 + -49 + (2 - -9)
-2
What is (11 - 19) + (9 - 5)?
-4
Evaluate -10 + -2 + 14 + -6.
-4
What is the value of 2 - (-3 - -5) - (1 + -1)?
0
What is 0 + 2 + (5 - 5)?
2
0 + 0 + 10 + -4 - 4
2
Evaluate (6 - (5 + 6 + -6)) + -1.
0
Calculate 1 + (-2 - (2 + 1)) - 2.
-6
Calculate -59 - -56 - (-5 + -1).
3
What is (5 + -1 - 0) + 211 + -212?
3
What is -1 - (2 + -24 + 12)?
9
Calculate 1 + -14 - (25 + -32).
-6
What is 0 - (-4 + -2 + 3)?
3
-3 + (8 - 2) + 0
3
1 + 2 + -2 + 21 + -29
-7
What is 5 - (15 + -5) - 2 - 1?
-8
What is the value of -12 + 9 - (0 - 8)?
5
Evaluate 1 + 6 - (38 - 28).
-3
What is 21 + (-12 - 3) - (4 - 0)?
2
Calculate 10 + -3 + (-5 + 5 - 1).
6
Evaluate 1 - 7 - (177 + -182).
-1
What is -1 - -2 - (-7 - -3)?
5
What is (7 + 0 - 6) + 4?
5
Evaluate (-5 - -7 - 3) + 3.
2
Calculate (1 - 0) + 3 + -4.
0
Evaluate 3 - 0 - (6 + -4 + -1).
2
What is the value of 3 + (-15 - (0 - 6)) + 1?
-5
3 + 2 + 1 - 2 - 1
3
Evaluate (-14 - -6) + 8 + 1 + 2.
3
4 + 3 + -3 + -9
-5
Calculate 6 + -8 + 4 + 3.
5
Calculate 5 + (-4 - (7 - 5)).
-1
(-1 - -2 - -1) + 4 + -3
3
What is the value of 6 - ((2 - 8) + 1 + 9)?
2
What is -2 + -1 + 5 + (4 - 1)?
5
What is the value of (5 + -13 - (6 - 9)) + 10?
5
Evaluate 1 - (-5 - -3 - -3 - 0).
0
Calculate -1 + 3 + -6 + 6.
2
4 - (-1 - (-4 + -2))
-1
Evaluate -4 + 8 - 0 - (1 - 0).
3
What is 4 - (-1 + 6) - -6?
5
Evaluate -4 + -7 + -1 - (-3 + -3).
-6
Calculate -8 - (-5 - (5 - 6)).
-4
Evaluate -4 + (-4 + 4 - (1 + -2)).
-3
What is -5 + -5 + -1 - -6?
-5
What is the value of 1 - (3 - 0 - (2 + -1))?
-1
0 - (-4 + 0) - 8 - -7
3
Evaluate 2 - (9 + 2 + -4).
-5
What is the value of -12 - (2 - 10 - -1)?
-5
Calculate -8 - (0 - -13 - 14).
-7
What is the value of (9 - (-4 + 7)) + -11?
-5
Evaluate -13 - -1 - (5 - (23 + -12)).
-6
What is the value of (-7 - -2) + (-4 - (3 + -10))?
-2
Calculate (0 - 4) + (-6 - -6).
-4
-2 + 6 + -5 + 2 - 5
-4
Calculate -2 + (-1 - -1) + -5 + 5.
-2
-16 + 16 + (3 - (-2 - -11))
-6
Calculate -61 + 64 + 0 + 0 + -2.
1
-8 + 6 + 8 - (6 - 0)
0
What is -6 + (1 - (-4 - -3))?
-4
10 + (-7 - (1 - -5 - 7))
4
What is the value of (-2 + 3 - 2) + -5 + 1?
-5
-3 + (7 - 1) + -8
-5
(0 - -6) + (-7 - -5)
4
1 + -3 + -4 + 1 + 0
-5
Calculate -2 - -3 - (16 - 23).
8
What is the value of (6 - (8 - 11)) + -8?
1
Evaluate (12 - 21) + (13 - 2).
2
Calculate 4 - (-4 - (4 - 8)).
4
What is the value of (-6 - (2 + -9)) + -5?
-4
2 + -5 + 2 + 1
0
-14 + (9 + -4 - -2)
-7
(22 - 2 - 6) + -6 - 4
4
Evaluate 3 + (0 - 2 - (-18 - -19)).
0
Calculate 2 + (2 - 0) + 0.
4
Evaluate -11 - (-22 - (8 + -14)).
5
Evaluate (-8 - -1) + 7 + (1 - -8).
9
3 - (6 + 1 + -1)
-3
What is the value of -2 - (-3 + 9 + -13)?
5
What is (-1 + 0 - -4) + 0?
3
What is 0 - (2 - (10 + -3 + -1))?
4
What is (-2 - -1) + -1 + -2 - -1?
-3
Calculate -1 + (-4 + 4 - 1).
-2
What is the value of (1 - 8) + -99 + 98?
-8
Calculate -1 + -3 + 4 + -2.
-2
What is the value of -7 + (7 - -2) + -6 - 3?
-7
What is -1 - (7 + -8) - -5?
5
What is (5 - (-7 - -14)) + 1?
-1
What is 4 + 6 + -14 + 3 - 2?
-3
What is 29 + -30 + 1 + 0 + -2?
-2
What is 3 + -12 + 5 + 7?
3
What is the value of -2 + (3 - 5) - -7?
3
What is the value of 72 + -80 - (-5 + 2 + -13)?
8
Evaluate 7 + 12 + -11 + -9.
-1
Evaluate -1 + 5 + -2 + 1.
3
Calculate -13 - -3 - (-17 - -9).
-2
Calculate -7 - (-5 + 8 + (-2 - 4)).
-4
(-14 - -11) + (4 - -1 - 1)
1
-3 + 3 - (4 + -5 + -3)
4
What is -11 + 9 - 8 - -17?
7
-15 + 2 + (10 - (-2 + 6))
-7
What is the value of -8 + 6 + 3 + 2 + -4?
-1
Calculate 1 - -5 - (-7 - (2 + -10)).
5
What is the value of 2 - 3 - -4 - -2?
5
-1 + -1 + (1 - (9 - 5))
-5
Evaluate -15 + (27 - 14) - 6.
-8
What is the value of (-10 - 1 - -11) + 6?
6
What is the value of (-3 - ((-8 - -1) + 10)) + 10?
4
Calculate 2 + (-6 - -10) + 1 + -4.
3
Evaluate 8 - (-5 + 4 - -4).
5
Evaluate 3 + -2 + 5 - 2.
4
Evaluate (1 - -5) + -13 + 8.
1
Calculate (1 - 8) + 20 + -18.
-5
-1 + -13 + -59 + 80
7
What is -5 - (-3 - 1 - -2)?
-3
What is the value of -7 + 1 - (1 - (-10 + 21))?
4
What is (-6 - (4 + -3)) + 4 + 2?
-1
Calculate -7 + (2 - 5) - -6.
-4
Calculate 11 + (14 - 23) + (0 - 8).
-6
3 - (-1 + -1 + -3 - -6)
2
Evaluate (-4 - (-13 - -5)) + 3 + -2.
5
Evaluate (-1 - -2) + 1 + (-273 - -266).
-5
-1 - 3 - (4 + -11)
3
Evaluate 121 + -131 + 10 + -1.
-1
What is the value of 1 - -2 - 3 - 0?
0
-1 + -1 - (-1 + 9 - 15)
5
Calculate (-2 - -4) + 2 - -1.
5
Calculate 2 - (-3 - -1 - -4).
0
4 - (8 + 3 + -2)
-5
Evaluate -1 + -5 + 14 + -10 + -6.
-8
Calculate (2 - 1) + (-18 - -16).
-1
What is (-4 - -8) + -1 - 1?
2
Evaluate (0 - (3 + 1)) + 1.
-3
Evaluate 0 + (0 - -2) + -1.
1
Calculate -1 - (-3 - (-9 + 5 + 5)).
3
Calculate -4 + (-4 - (2 - 4)) - -3.
-3
Evaluate 8 + (-6 - (-6 + 4)).
4
Evaluate -27 - -33 - (0 + (-4 - -3)).
7
What is 0 - 5 - (19 - (21 - 3))?
-6
What is the value of (3 - 0) + (6 - 1) + -6?
2
Evaluate 11 + -4 + 4 + -6 + -4.
1
Evaluate 4 + (-5 + -2 - 0) + 1.
-2
Calculate -8 - -4 - (-2 - 4).
2
What is -8 + 2 + 2 - -1?
-3
What is the value of 3 + (1 - (9 + 2 + -3))?
-4
-8 + 1 - (8 - 13)
-2
What is -2 + 9 + -3 + (1 - 1)?
4
Evaluate -5 + 11 + (1 - 6) - -1.
2
What is -6 + 9 + -13 + 9?
-1
Evaluate 8 - ((6 - -9) + -4).
-3
What is 4 + -3 - (-10 - -9)?
2
Evaluate (-12 - (0 - 8)) + 4.
0
(409 - 423) + 16 + 0
2
Evaluate 3 + -2 + -8 + -1 + 4.
-4
What is (-6 + 1 - 2) + (5 - 3)?
-5
(5 - (-5 - -12)) + -1
-3
2 + -3 - 2 - (1 + -4)
0
Calculate 9 + 1 + (-6 + 15 - 15).
4
What is 2 - 2 - (11 + -17)?
6
1 + 1 - (1 - (-3 + 3))
1
Calculate 5 + -1 + 5 + (1 - 7).
3
What is the value of (4 - 0 - 3) + -3?
-2
What is 1 - -1 - (-20 + 24)?
-2
What is the value of -11 + -8 + -4 + 17?
-6
What is 3 + -6 - (-18 - 2 - -8)?
9
What is (4 + 1 + -7 - -2) + -1?
-1
Calculate (-5 - -3 - -3) + 3.
4
-1 - (0 + -1 + 2)
-2
14 + (11 - 1) + -20
4
What is the value of 2 + (-11 - -10) - (3 - 2)?
0
Calculate 7 + -12 + (-7 - -8).
-4
1 + -6 + 3 + 12 - 6
4
What is the value of 34 + -33 - (1 + 1 + -7)?
6
What is 9 + -4 + -5 + -1 + -1?
-2
Calculate 13 + -17 - (-7 + 0).
3
Evaluate -2 - (-1 + (-2 - 0) + 5).
-4
Calculate -8 + 11 - (1 - -4).
-2
What is the value of 0 + 5 + -1 + 0 + 1?
5
3 + (5 + -7 - (2 - 5))
4
Calculate 5 - (7 - (-3 - -3)) - -5.
3
What is (5 - 1) + -10 + 4?
-2
What is (8 - (-5 - -6)) + -12?
-5
What is the value of 2 - 2 - (7 - 5) - -1?
-1
What is the value of 5 - (5 - (3 + -3))?
0
What is the value of -6 - (2 + -2 + (0 - 1))?
-5
(22 - (1 - -7)) + -9
5
Evaluate 1 + -5 - (-46 - -39).
3
Evaluate (-17 - -5) + 4 + 1 + -1.
-8
Calculate -3 + (-1 - -3) - (-1 + -1).
1
What is the value of -1 + 0 + 7 + 0 + -5?
1
What is the value of -6 + 0 - 8 - -12?
-2
Evaluate (5 - 2) + 1 + 1 + -2.
3
Calculate -1 + (-2 - 0) + (-50 - -55).
2
What is 8 + -3 - (7 - 2)?
0
-1 + (-6 - -1) + 1
-5
What is -3 - (-11 + 7 - 5)?
6
Evaluate 1 + -3 - (2 + -4).
0
What is the value of -8 + (1 - (-6 - -2) - 7)?
-10
Evaluate 4 + (1 - (3 - -2)) + 4.
4
Evaluate -1 + 1 + (-7 - -4 - -5).
2
Evaluate 1 + (12 + -13 - (-1 + 3)).
-2
Evaluate 12 + -1 + -4 - 7.
0
Calculate 2 + (-6 - 4 - -4).
